{"id":7,"date":"2025-04-09T14:21:23","date_gmt":"2025-04-09T12:21:23","guid":{"rendered":"https:\/\/cofidef.fr\/?page_id=7"},"modified":"2025-04-29T11:55:07","modified_gmt":"2025-04-29T09:55:07","slug":"qui-sommes-nous","status":"publish","type":"page","link":"https:\/\/cofidef.fr\/index.php\/qui-sommes-nous\/","title":{"rendered":"Qui sommes nous"},"content":{"rendered":"\n<p>Bas\u00e9e \u00e0 Saint-R\u00e9my-l\u00e8s-Chevreuse, en France, COFIDEF est un promoteur et d\u00e9veloppeur de parcs solaires, engag\u00e9 \u00e0 fournir des solutions \u00e9nerg\u00e9tiques durables et innovantes en Afrique. Forts d&rsquo;une expertise solide et d&rsquo;une vision \u00e0 long terme, nous \u0153uvrons \u00e0 la transition \u00e9nerg\u00e9tique du continent en concevant, d\u00e9veloppant et mettant en \u0153uvre des projets solaires de grande envergure.<\/p>\n\n\n\n<p class=\"has-text-align-center\"><strong>Notre approche repose sur un co-d\u00e9veloppement sinc\u00e8re, privil\u00e9giant le transfert de savoir-faire et la collaboration \u00e9troite avec les acteurs locaux. <\/strong><\/p>\n\n\n\n<p class=\"has-text-align-left\">L&rsquo;acc\u00e8s \u00e0 une \u00e9nergie propre et abordable est un moteur essentiel du d\u00e9veloppement \u00e9conomique et social.<\/p>\n\n\n\n<p><strong>Avec plus de 300 MW de puissance install\u00e9e ou en cours de d\u00e9veloppement dans six pays africains, <\/strong>COFIDEF contribue \u00e0 son niveau \u00e0 la r\u00e9volution solaire africaine, et \u00e0 l&rsquo;\u00e9mergence de pme-pmi prosp\u00e9res sur le sujet en Afrique.<\/p>\n\n\n\n<p>L&rsquo;Institut COFERGIE s&rsquo;inscrit dans la continuit\u00e9 des besoins identifi\u00e9s. Cette initiative unique de coop\u00e9ration productive vise \u00e0 renforcer les comp\u00e9tences des d\u00e9cideurs africains en mati\u00e8re d&rsquo;\u00e9nergies renouvelables et \u00e0 acc\u00e9l\u00e9rer la r\u00e9alisation de projets d&rsquo;\u00e9nergie d\u00e9carbon\u00e9e.<\/p>\n\n\n\n<p class=\"has-text-align-center\"><strong>COFIDEF se mobilise pour construire un avenir \u00e9nerg\u00e9tique plus propre et plus durable pour l&rsquo;Afrique<\/strong>. <\/p>\n\n\n\n<p><\/p>\n","protected":false},"excerpt":{"rendered":"<p>Bas\u00e9e \u00e0 Saint-R\u00e9my-l\u00e8s-Chevreuse, en France, COFIDEF est un promoteur et d\u00e9veloppeur de parcs solaires, engag\u00e9 \u00e0 fournir des solutions \u00e9nerg\u00e9tiques durables et innovantes en Afrique. Forts d&rsquo;une expertise solide et d&rsquo;une vision \u00e0 long terme, nous \u0153uvrons \u00e0 la transition \u00e9nerg\u00e9tique du continent en concevant, d\u00e9veloppant et mettant en \u0153uvre des projets solaires de grande [&hellip;]<\/p>\n","protected":false},"author":1,"featured_media":66,"parent":0,"menu_order":0,"comment_status":"closed","ping_status":"closed","template":"","meta":{"footnotes":""},"class_list":["post-7","page","type-page","status-publish","has-post-thumbnail","hentry"],"_links":{"self":[{"href":"https:\/\/cofidef.fr\/index.php\/wp-json\/wp\/v2\/pages\/7","targetHints":{"allow":["GET"]}}],"collection":[{"href":"https:\/\/cofidef.fr\/index.php\/wp-json\/wp\/v2\/pages"}],"about":[{"href":"https:\/\/cofidef.fr\/index.php\/wp-json\/wp\/v2\/types\/page"}],"author":[{"embeddable":true,"href":"https:\/\/cofidef.fr\/index.php\/wp-json\/wp\/v2\/users\/1"}],"replies":[{"embeddable":true,"href":"https:\/\/cofidef.fr\/index.php\/wp-json\/wp\/v2\/comments?post=7"}],"version-history":[{"count":14,"href":"https:\/\/cofidef.fr\/index.php\/wp-json\/wp\/v2\/pages\/7\/revisions"}],"predecessor-version":[{"id":239,"href":"https:\/\/cofidef.fr\/index.php\/wp-json\/wp\/v2\/pages\/7\/revisions\/239"}],"wp:featuredmedia":[{"embeddable":true,"href":"https:\/\/cofidef.fr\/index.php\/wp-json\/wp\/v2\/media\/66"}],"wp:attachment":[{"href":"https:\/\/cofidef.fr\/index.php\/wp-json\/wp\/v2\/media?parent=7"}],"curies":[{"name":"wp","href":"https:\/\/api.w.org\/{rel}","templated":true}]}}