{"id":48,"date":"2025-04-09T15:21:47","date_gmt":"2025-04-09T13:21:47","guid":{"rendered":"https:\/\/cofidef.fr\/?page_id=48"},"modified":"2025-04-10T19:33:46","modified_gmt":"2025-04-10T17:33:46","slug":"cofergie-liberia","status":"publish","type":"page","link":"https:\/\/cofidef.fr\/index.php\/cofergie-liberia\/","title":{"rendered":"Cofergie Lib\u00e9ria"},"content":{"rendered":"\n<p>COFERGIE Lib\u00e9ria est fi\u00e8re de <strong>d\u00e9velopper un parc solaire de 50 MW sur le prestigieux campus de l&rsquo;Universit\u00e9 de Monrovia<\/strong>, en co-entreprise (JV) avec notre partenaire local. <\/p>\n\n\n\n<p>Ce projet novateur permettra d&rsquo;alimenter en \u00e9nergie propre l&rsquo;institution universitaire, contribuant \u00e0 son autonomie \u00e9nerg\u00e9tique et offrant un environnement d&rsquo;\u00e9tude durable pour les \u00e9tudiants.<\/p>\n\n\n\n<p>Ce projet illustre notre engagement \u00e0 soutenir l&rsquo;\u00e9ducation et le d\u00e9veloppement durable au Lib\u00e9ria, en fournissant une source d&rsquo;\u00e9nergie fiable et respectueuse de l&rsquo;environnement.<\/p>\n\n\n\n<p><\/p>\n","protected":false},"excerpt":{"rendered":"<p>COFERGIE Lib\u00e9ria est fi\u00e8re de d\u00e9velopper un parc solaire de 50 MW sur le prestigieux campus de l&rsquo;Universit\u00e9 de Monrovia, en co-entreprise (JV) avec notre partenaire local. Ce projet novateur permettra d&rsquo;alimenter en \u00e9nergie propre l&rsquo;institution universitaire, contribuant \u00e0 son autonomie \u00e9nerg\u00e9tique et offrant un environnement d&rsquo;\u00e9tude durable pour les \u00e9tudiants. Ce projet illustre notre [&hellip;]<\/p>\n","protected":false},"author":1,"featured_media":75,"parent":0,"menu_order":0,"comment_status":"closed","ping_status":"closed","template":"","meta":{"footnotes":""},"class_list":["post-48","page","type-page","status-publish","has-post-thumbnail","hentry"],"_links":{"self":[{"href":"https:\/\/cofidef.fr\/index.php\/wp-json\/wp\/v2\/pages\/48","targetHints":{"allow":["GET"]}}],"collection":[{"href":"https:\/\/cofidef.fr\/index.php\/wp-json\/wp\/v2\/pages"}],"about":[{"href":"https:\/\/cofidef.fr\/index.php\/wp-json\/wp\/v2\/types\/page"}],"author":[{"embeddable":true,"href":"https:\/\/cofidef.fr\/index.php\/wp-json\/wp\/v2\/users\/1"}],"replies":[{"embeddable":true,"href":"https:\/\/cofidef.fr\/index.php\/wp-json\/wp\/v2\/comments?post=48"}],"version-history":[{"count":3,"href":"https:\/\/cofidef.fr\/index.php\/wp-json\/wp\/v2\/pages\/48\/revisions"}],"predecessor-version":[{"id":138,"href":"https:\/\/cofidef.fr\/index.php\/wp-json\/wp\/v2\/pages\/48\/revisions\/138"}],"wp:featuredmedia":[{"embeddable":true,"href":"https:\/\/cofidef.fr\/index.php\/wp-json\/wp\/v2\/media\/75"}],"wp:attachment":[{"href":"https:\/\/cofidef.fr\/index.php\/wp-json\/wp\/v2\/media?parent=48"}],"curies":[{"name":"wp","href":"https:\/\/api.w.org\/{rel}","templated":true}]}}