{"id":31,"date":"2025-04-09T14:58:44","date_gmt":"2025-04-09T12:58:44","guid":{"rendered":"https:\/\/cofidef.fr\/?page_id=31"},"modified":"2026-02-23T11:09:59","modified_gmt":"2026-02-23T10:09:59","slug":"guinee-conakry","status":"publish","type":"page","link":"https:\/\/cofidef.fr\/index.php\/page-d-exemple\/guinee-conakry\/","title":{"rendered":"Cofergie Guin\u00e9e Conakry"},"content":{"rendered":"\n<p>COFERGIE Guin\u00e9e est un acteur majeur du d\u00e9veloppement de l&rsquo;\u00e9nergie solaire en Guin\u00e9e.<\/p>\n\n\n\n<p><strong>Notre projet phare est la r\u00e9alisation d&rsquo;un parc solaire d&rsquo;une capacit\u00e9 de 100 MW<\/strong>c r\u00e9partis sur 3 sites en co-entreprise (JV) avec notre partenaire local.<\/p>\n\n\n\n<p>Ce projet ambitieux contribuera significativement \u00e0 l&rsquo;augmentation de la production d&rsquo;\u00e9nergie propre dans le pays, favorisant l&rsquo;acc\u00e8s \u00e0 l&rsquo;\u00e9lectricit\u00e9 pour les populations et les entreprises locales.<\/p>\n\n\n\n<p>Nous sommes engag\u00e9s \u00e0 travailler en \u00e9troite collaboration avec les autorit\u00e9s guin\u00e9ennes et les communaut\u00e9s locales pour assurer le succ\u00e8s et la durabilit\u00e9 de ce projet structurant.<\/p>\n","protected":false},"excerpt":{"rendered":"<p>COFERGIE Guin\u00e9e est un acteur majeur du d\u00e9veloppement de l&rsquo;\u00e9nergie solaire en Guin\u00e9e. Notre projet phare est la r\u00e9alisation d&rsquo;un parc solaire d&rsquo;une capacit\u00e9 de 100 MWc r\u00e9partis sur 3 sites en co-entreprise (JV) avec notre partenaire local. Ce projet ambitieux contribuera significativement \u00e0 l&rsquo;augmentation de la production d&rsquo;\u00e9nergie propre dans le pays, favorisant l&rsquo;acc\u00e8s [&hellip;]<\/p>\n","protected":false},"author":1,"featured_media":86,"parent":2,"menu_order":0,"comment_status":"closed","ping_status":"closed","template":"","meta":{"footnotes":""},"class_list":["post-31","page","type-page","status-publish","has-post-thumbnail","hentry"],"_links":{"self":[{"href":"https:\/\/cofidef.fr\/index.php\/wp-json\/wp\/v2\/pages\/31","targetHints":{"allow":["GET"]}}],"collection":[{"href":"https:\/\/cofidef.fr\/index.php\/wp-json\/wp\/v2\/pages"}],"about":[{"href":"https:\/\/cofidef.fr\/index.php\/wp-json\/wp\/v2\/types\/page"}],"author":[{"embeddable":true,"href":"https:\/\/cofidef.fr\/index.php\/wp-json\/wp\/v2\/users\/1"}],"replies":[{"embeddable":true,"href":"https:\/\/cofidef.fr\/index.php\/wp-json\/wp\/v2\/comments?post=31"}],"version-history":[{"count":5,"href":"https:\/\/cofidef.fr\/index.php\/wp-json\/wp\/v2\/pages\/31\/revisions"}],"predecessor-version":[{"id":218,"href":"https:\/\/cofidef.fr\/index.php\/wp-json\/wp\/v2\/pages\/31\/revisions\/218"}],"up":[{"embeddable":true,"href":"https:\/\/cofidef.fr\/index.php\/wp-json\/wp\/v2\/pages\/2"}],"wp:featuredmedia":[{"embeddable":true,"href":"https:\/\/cofidef.fr\/index.php\/wp-json\/wp\/v2\/media\/86"}],"wp:attachment":[{"href":"https:\/\/cofidef.fr\/index.php\/wp-json\/wp\/v2\/media?parent=31"}],"curies":[{"name":"wp","href":"https:\/\/api.w.org\/{rel}","templated":true}]}}