{"id":141,"date":"2025-04-10T19:30:08","date_gmt":"2025-04-10T17:30:08","guid":{"rendered":"https:\/\/cofidef.fr\/?page_id=141"},"modified":"2026-02-23T11:10:15","modified_gmt":"2026-02-23T10:10:15","slug":"cofergie-sierra-leone","status":"publish","type":"page","link":"https:\/\/cofidef.fr\/index.php\/page-d-exemple\/cofergie-sierra-leone\/","title":{"rendered":"Cofergie Sierra Leone"},"content":{"rendered":"\n<p>Cofidef a sign\u00e9 un M.O.U. portant sur la promotion et le d\u00e9veloppement d&rsquo;une capacit\u00e9 de production solaire d&rsquo;une puissance install\u00e9e de pr\u00e8s de 100 MW repartis sur plusieurs sites.<\/p>\n\n\n\n<p>COFERGY Sierra-L\u00e9one (JV) est port\u00e9e par COFIDEF et ses partenaires investisseurs locaux. Le\u00a0 travail cons\u00e9quent engag\u00e9 est de s\u00e9curiser les sites sur 2025.<\/p>\n\n\n\n<p>Face \u00e0 ce r\u00e9el besoin exprim\u00e9, il est privil\u00e9gi\u00e9 d&rsquo;agir utilement. La Sierra L\u00e9one est l&rsquo;un des 6 pays africains o\u00f9 l\u2019<strong>Institut Cofergie\u00a0<\/strong>fera b\u00e9n\u00e9ficier ses auditeurs des enseignements et synergies n\u00e9cessaires \u00e0 la r\u00e9alisation des objectifs de l&rsquo;Etat en mati\u00e8re \u00e9nerg\u00e9tique.<\/p>\n\n\n\n<p><strong>Nous sommes engag\u00e9s \u00e0 former les futurs d\u00e9cideurs sierra-l\u00e9onais aux techniques de la transition \u00e9nerg\u00e9tique<\/strong>, contribuant ainsi \u00e0 pr\u00e9parer le terrain pour les futurs d\u00e9veloppement dans le secteur des \u00e9nergies renouvelables\u00a0\u00bb<\/p>\n\n\n\n<p><\/p>\n\n\n\n<p><\/p>\n\n\n\n<p><\/p>\n\n\n\n<p><\/p>\n\n\n\n<p><\/p>\n\n\n\n<p><\/p>\n\n\n\n<p><\/p>\n\n\n\n<p><\/p>\n\n\n\n<p><br><\/p>\n","protected":false},"excerpt":{"rendered":"<p>Cofidef a sign\u00e9 un M.O.U. portant sur la promotion et le d\u00e9veloppement d&rsquo;une capacit\u00e9 de production solaire d&rsquo;une puissance install\u00e9e de pr\u00e8s de 100 MW repartis sur plusieurs sites. COFERGY Sierra-L\u00e9one (JV) est port\u00e9e par COFIDEF et ses partenaires investisseurs locaux. Le\u00a0 travail cons\u00e9quent engag\u00e9 est de s\u00e9curiser les sites sur 2025. Face \u00e0 ce [&hellip;]<\/p>\n","protected":false},"author":1,"featured_media":81,"parent":2,"menu_order":0,"comment_status":"closed","ping_status":"closed","template":"","meta":{"footnotes":""},"class_list":["post-141","page","type-page","status-publish","has-post-thumbnail","hentry"],"_links":{"self":[{"href":"https:\/\/cofidef.fr\/index.php\/wp-json\/wp\/v2\/pages\/141","targetHints":{"allow":["GET"]}}],"collection":[{"href":"https:\/\/cofidef.fr\/index.php\/wp-json\/wp\/v2\/pages"}],"about":[{"href":"https:\/\/cofidef.fr\/index.php\/wp-json\/wp\/v2\/types\/page"}],"author":[{"embeddable":true,"href":"https:\/\/cofidef.fr\/index.php\/wp-json\/wp\/v2\/users\/1"}],"replies":[{"embeddable":true,"href":"https:\/\/cofidef.fr\/index.php\/wp-json\/wp\/v2\/comments?post=141"}],"version-history":[{"count":5,"href":"https:\/\/cofidef.fr\/index.php\/wp-json\/wp\/v2\/pages\/141\/revisions"}],"predecessor-version":[{"id":229,"href":"https:\/\/cofidef.fr\/index.php\/wp-json\/wp\/v2\/pages\/141\/revisions\/229"}],"up":[{"embeddable":true,"href":"https:\/\/cofidef.fr\/index.php\/wp-json\/wp\/v2\/pages\/2"}],"wp:featuredmedia":[{"embeddable":true,"href":"https:\/\/cofidef.fr\/index.php\/wp-json\/wp\/v2\/media\/81"}],"wp:attachment":[{"href":"https:\/\/cofidef.fr\/index.php\/wp-json\/wp\/v2\/media?parent=141"}],"curies":[{"name":"wp","href":"https:\/\/api.w.org\/{rel}","templated":true}]}}